{"id":101,"date":"2021-01-12T00:39:55","date_gmt":"2021-01-12T00:39:55","guid":{"rendered":"http:\/\/palyazat.jaszalsoszentgyorgy.hu\/?page_id=101"},"modified":"2021-01-12T01:18:13","modified_gmt":"2021-01-12T01:18:13","slug":"top-2-1-3-15-jn1-2016-00012","status":"publish","type":"page","link":"https:\/\/palyazat.jaszalsoszentgyorgy.hu\/?page_id=101","title":{"rendered":"TOP-2.1.3\u201315-JN1-2016\u201300012"},"content":{"rendered":"<h2><span style=\"font-size: 10px; font-family: 'book antiqua', palatino, serif; color: #3366ff;\"><a style=\"color: #3366ff;\" href=\"http:\/\/palyazat.jaszalsoszentgyorgy.hu\/\">VISSZA A F\u0150OLDALRA<\/a><\/span><\/h2>\n<h2>TOP-2.1.3\u201315-JN1-2016\u201300012 \u201cBelter\u00fcleti v\u00edzelvezet\u0151-h\u00e1l\u00f3zat fejleszt\u00e9se, rekonstrukci\u00f3ja J\u00e1szals\u00f3szentgy\u00f6rgy\u00f6n\u201d<\/h2>\n<div class=\"entry\">\n<p>&nbsp;<\/p>\n<p><a href=\"http:\/\/www.jaszalsoszentgyorgy.hu\/wp-content\/uploads\/Projektt%C3%A1bla1.jpg\"><img loading=\"lazy\" decoding=\"async\" class=\"aligncenter size-full wp-image-11898\" title=\"Projektt\u00e1bla\" src=\"http:\/\/www.jaszalsoszentgyorgy.hu\/wp-content\/uploads\/Projektt%C3%A1bla1.jpg\" alt=\"\" width=\"875\" height=\"433\" \/><\/a><a href=\"http:\/\/www.jaszalsoszentgyorgy.hu\/wp-content\/uploads\/Projektt%C3%A1bla.jpg\"><br \/>\n<\/a><\/p>\n<p align=\"center\"><strong>\u00a0<\/strong><\/p>\n<p align=\"center\"><strong>TOP-2.1.3\u201315-JN1-2016\u201300012<\/strong><\/p>\n<p align=\"center\"><strong>\u00a0<\/strong><\/p>\n<p>&nbsp;<\/p>\n<p>&nbsp;<\/p>\n<p><strong>Pro\u00adjekt azo\u00adno\u00ads\u00edt\u00f3 sz\u00e1ma:<\/strong>\u00a0 TOP-2.1.3\u201315-JN1-2016\u201300012<\/p>\n<p>&nbsp;<\/p>\n<p><strong>Pro\u00adjekt c\u00edme:<\/strong>\u00a0Bel\u00adte\u00adr\u00fc\u00adleti v\u00edzelvezet\u0151-h\u00e1l\u00f3zat fej\u00adlesz\u00adt\u00e9se, rekonst\u00adruk\u00adci\u00ad\u00f3ja J\u00e1szals\u00f3szentgy\u00f6rgy\u00f6n\u201d<\/p>\n<p><strong>Ked\u00advez\u00adm\u00e9\u00adnye\u00adzett neve:<\/strong>\u00a0J\u00e1szal\u00ads\u00f3\u00adszent\u00adgy\u00f6rgy K\u00f6z\u00ads\u00e9gi \u00d6nkorm\u00e1nyzat<\/p>\n<p>&nbsp;<\/p>\n<p><strong>T\u00e1mo\u00adga\u00adt\u00e1s \u00f6sszege:<\/strong>\u00a0170.000.000.-Ft<\/p>\n<p>&nbsp;<\/p>\n<p><strong>T\u00e1mo\u00adga\u00adt\u00e1s m\u00e9r\u00adt\u00e9ke:<\/strong>\u00a0100%<\/p>\n<p>&nbsp;<\/p>\n<p><strong>Pro\u00adjekt ter\u00adve\u00adzett befe\u00adje\u00adz\u00e9si d\u00e1tuma:<\/strong>\u00a02018. decem\u00adber\u00a031.<\/p>\n<p>&nbsp;<\/p>\n<p><strong>A pro\u00adjekt tar\u00adtal\u00adm\u00e1\u00adnak bemutat\u00e1sa:<\/strong><\/p>\n<p>A ter\u00adve\u00adzett v\u00edzi mun\u00adk\u00e1k l\u00e9te\u00ads\u00ed\u00adt\u00e9\u00ads\u00e9\u00adnek \u00e1tfog\u00f3 c\u00e9lja egy\u00adr\u00e9szt a\u00a0tele\u00adp\u00fc\u00adl\u00e9s bel\u00adte\u00adr\u00fc\u00adleti csa\u00adpa\u00add\u00e9k\u00adv\u00edz elve\u00adze\u00adt\u00e9si, gaz\u00add\u00e1l\u00adko\u00add\u00e1si rend\u00adsze\u00adr\u00e9\u00adnek kiala\u00adk\u00ed\u00adt\u00e1sa, fej\u00adlesz\u00adt\u00e9se, k\u00f6r\u00adnye\u00adzet\u00adbiz\u00adton\u00ads\u00e1\u00adg\u00e1\u00adnak n\u00f6ve\u00adl\u00e9se, k\u00f6r\u00adnye\u00adzeti \u00e1lla\u00adpo\u00adt\u00e1\u00adnak jav\u00ed\u00adt\u00e1sa, s\u00a0a bel\u00adv\u00edz\u2013 \u00e9s helyi v\u00edz\u00adk\u00e1r vesz\u00e9\u00adlyez\u00adte\u00adtett\u00ads\u00e9\u00adg\u00e9\u00adnek cs\u00f6k\u00adken\u00adt\u00e9se, a\u00a0fel\u00adsz\u00edni vize\u00adink min\u0151\u00ads\u00e9\u00adg\u00e9\u00adnek jav\u00ed\u00adt\u00e1sa, a\u00a0tov\u00e1bbi k\u00f6r\u00adnye\u00adzeti k\u00e1r\u00adese\u00adm\u00e9\u00adnyek meg\u00adel\u0151\u00adz\u00e9se. A\u00a0ter\u00adve\u00adzett csa\u00adpa\u00add\u00e9k\u00adv\u00edz elve\u00adze\u00adt\u00e9s fej\u00adlesz\u00adt\u00e9\u00adsek ese\u00adt\u00e9\u00adben a\u00a0c\u00e9l a\u00a0bel\u00adte\u00adr\u00fc\u00adletre hul\u00adlott csa\u00adpa\u00add\u00e9k\u00advi\u00adzek \u00e9s fel\u00adsz\u00edn al\u00f3l el\u0151\u00adt\u00f6r\u0151 fakad\u00f3 \u2013 hely\u00adben nem hasz\u00adno\u00ads\u00edt\u00adhat\u00f3\u2013 vizek ren\u00adde\u00adzett \u00e9s k\u00e1r\u00adt\u00e9\u00adtel n\u00e9l\u00adk\u00fcli elvezet\u00e9se.<\/p>\n<p>A fej\u00adlesz\u00adt\u00e9s ter\u00adve\u00adz\u00e9se sor\u00e1n a\u00a0vizek hely\u00adben tar\u00adt\u00e1\u00ads\u00e1\u00adnak meg\u00adva\u00adl\u00f3\u00ads\u00ed\u00adt\u00e1sa fon\u00adtos szem\u00adpont\u00a0volt.<\/p>\n<p>A ter\u00adve\u00adzett v\u00edz\u00adel\u00adve\u00adzet\u0151 h\u00e1l\u00f3\u00adzat v\u00edz\u00adjogi l\u00e9te\u00ads\u00ed\u00adt\u00e9si enge\u00add\u00e9llyel ren\u00addel\u00adke\u00adzik, mely\u00adnek\u00a0sz\u00e1ma:<\/p>\n<p>836600\/5799\u20138\/2017.\u00e1lt.<\/p>\n<p>V\u00edzi\u00adk\u00f6nyvi sz\u00e1m: Zagyva\/2018<\/p>\n<p><strong>\u00a0<\/strong><\/p>\n<p>A bur\u00adkolt \u00e1rkok az al\u00e1bbi \u00f6bl\u00f6\u00adze\u00adtek\u00adben, utc\u00e1k\u00adban \u00e9p\u00fclnek:<\/p>\n<p><a href=\"http:\/\/www.jaszalsoszentgyorgy.hu\/wp-content\/uploads\/fel%C3%BAj%C3%ADt%C3%A1ssal-%C3%A9rintett-utc%C3%A1k.jpg\"><img loading=\"lazy\" decoding=\"async\" class=\"aligncenter size-full wp-image-11900\" title=\"fel\u00faj\u00edt\u00e1ssal \u00e9rintett utc\u00e1k\" src=\"http:\/\/www.jaszalsoszentgyorgy.hu\/wp-content\/uploads\/fel%C3%BAj%C3%ADt%C3%A1ssal-%C3%A9rintett-utc%C3%A1k.jpg\" alt=\"\" width=\"684\" height=\"529\" \/><\/a><\/p>\n<p>&nbsp;<\/p>\n<p><strong>\u00a0<\/strong><\/p>\n<p><strong>\u00a0Tov\u00e1bbi infor\u00adm\u00e1\u00adci\u00f3k:<\/strong><\/p>\n<p><strong>\u00a0<a href=\"http:\/\/www.jaszalsoszentgyorgy.hu\/wp-content\/uploads\/Sajt%C3%B3k%C3%B6zlem%C3%A9ny-2018-TOP-Belv%C3%ADz-J%C3%A1szals%C3%B3szentgy%C3%B6rgy.pdf\">Saj\u00adt\u00f3\u00adk\u00f6z\u00adle\u00adm\u00e9ny\u00a02018<\/a><\/strong><\/p>\n<\/div>\n","protected":false},"excerpt":{"rendered":"<p>VISSZA A F\u0150OLDALRA TOP-2.1.3\u201315-JN1-2016\u201300012 \u201cBelter\u00fcleti v\u00edzelvezet\u0151-h\u00e1l\u00f3zat fejleszt\u00e9se, rekonstrukci\u00f3ja J\u00e1szals\u00f3szentgy\u00f6rgy\u00f6n\u201d &nbsp; \u00a0 TOP-2.1.3\u201315-JN1-2016\u201300012 \u00a0 &nbsp; &nbsp; Pro\u00adjekt azo\u00adno\u00ads\u00edt\u00f3 sz\u00e1ma:\u00a0 TOP-2.1.3\u201315-JN1-2016\u201300012 &nbsp; Pro\u00adjekt c\u00edme:\u00a0Bel\u00adte\u00adr\u00fc\u00adleti v\u00edzelvezet\u0151-h\u00e1l\u00f3zat fej\u00adlesz\u00adt\u00e9se, rekonst\u00adruk\u00adci\u00ad\u00f3ja J\u00e1szals\u00f3szentgy\u00f6rgy\u00f6n\u201d Ked\u00advez\u00adm\u00e9\u00adnye\u00adzett neve:\u00a0J\u00e1szal\u00ads\u00f3\u00adszent\u00adgy\u00f6rgy K\u00f6z\u00ads\u00e9gi \u00d6nkorm\u00e1nyzat &nbsp; T\u00e1mo\u00adga\u00adt\u00e1s \u00f6sszege:\u00a0170.000.000.-Ft &nbsp; T\u00e1mo\u00adga\u00adt\u00e1s m\u00e9r\u00adt\u00e9ke:\u00a0100% &nbsp; Pro\u00adjekt ter\u00adve\u00adzett befe\u00adje\u00adz\u00e9si d\u00e1tuma:\u00a02018. decem\u00adber\u00a031. &nbsp; A pro\u00adjekt tar\u00adtal\u00adm\u00e1\u00adnak bemutat\u00e1sa: A ter\u00adve\u00adzett v\u00edzi mun\u00adk\u00e1k l\u00e9te\u00ads\u00ed\u00adt\u00e9\u00ads\u00e9\u00adnek \u00e1tfog\u00f3 c\u00e9lja egy\u00adr\u00e9szt&hellip;<\/p>\n","protected":false},"author":1,"featured_media":0,"parent":28,"menu_order":0,"comment_status":"closed","ping_status":"closed","template":"","meta":{"footnotes":""},"class_list":["post-101","page","type-page","status-publish","hentry","entry","no-media"],"_links":{"self":[{"href":"https:\/\/palyazat.jaszalsoszentgyorgy.hu\/index.php?rest_route=\/wp\/v2\/pages\/101","targetHints":{"allow":["GET"]}}],"collection":[{"href":"https:\/\/palyazat.jaszalsoszentgyorgy.hu\/index.php?rest_route=\/wp\/v2\/pages"}],"about":[{"href":"https:\/\/palyazat.jaszalsoszentgyorgy.hu\/index.php?rest_route=\/wp\/v2\/types\/page"}],"author":[{"embeddable":true,"href":"https:\/\/palyazat.jaszalsoszentgyorgy.hu\/index.php?rest_route=\/wp\/v2\/users\/1"}],"replies":[{"embeddable":true,"href":"https:\/\/palyazat.jaszalsoszentgyorgy.hu\/index.php?rest_route=%2Fwp%2Fv2%2Fcomments&post=101"}],"version-history":[{"count":0,"href":"https:\/\/palyazat.jaszalsoszentgyorgy.hu\/index.php?rest_route=\/wp\/v2\/pages\/101\/revisions"}],"up":[{"embeddable":true,"href":"https:\/\/palyazat.jaszalsoszentgyorgy.hu\/index.php?rest_route=\/wp\/v2\/pages\/28"}],"wp:attachment":[{"href":"https:\/\/palyazat.jaszalsoszentgyorgy.hu\/index.php?rest_route=%2Fwp%2Fv2%2Fmedia&parent=101"}],"curies":[{"name":"wp","href":"https:\/\/api.w.org\/{rel}","templated":true}]}}