{"id":112,"date":"2021-01-12T00:46:14","date_gmt":"2021-01-12T00:46:14","guid":{"rendered":"http:\/\/palyazat.jaszalsoszentgyorgy.hu\/?page_id=112"},"modified":"2021-01-12T01:17:15","modified_gmt":"2021-01-12T01:17:15","slug":"efop-3-9-2-16-2017-00019","status":"publish","type":"page","link":"https:\/\/palyazat.jaszalsoszentgyorgy.hu\/?page_id=112","title":{"rendered":"EFOP-3.9.2\u201316\u20132017\u201300019"},"content":{"rendered":"<h2><span style=\"font-size: 10px; font-family: 'book antiqua', palatino, serif; color: #3366ff;\"><a style=\"color: #3366ff;\" href=\"http:\/\/palyazat.jaszalsoszentgyorgy.hu\/\">VISSZA A F\u0150OLDALRA<\/a><\/span><\/h2>\n<h2>EFOP-3.9.2\u201316-2017\u201300019 Hum\u00e1n kapacit\u00e1sok fejleszt\u00e9se a\u00a0J\u00e1szap\u00e1ti j\u00e1r\u00e1sban<\/h2>\n<div class=\"entry\">\n<p><img loading=\"lazy\" decoding=\"async\" class=\"alignright size-medium wp-image-12537\" title=\"szechenyi2020x\" src=\"http:\/\/www.jaszalsoszentgyorgy.hu\/wp-content\/uploads\/szechenyi2020x-300x207.png\" alt=\"\" width=\"300\" height=\"207\" border=\"0\" \/><\/p>\n<p>&nbsp;<\/p>\n<p>&nbsp;<\/p>\n<p>&nbsp;<\/p>\n<p>&nbsp;<\/p>\n<p>&nbsp;<\/p>\n<p align=\"left\">2018 | 02 |\u00a019<\/p>\n<p align=\"left\">J\u00e1sz\u00ada\u00adp\u00e1ti V\u00e1rosi \u00d6nkorm\u00e1nyzat<\/p>\n<p>&nbsp;<\/p>\n<h2 align=\"left\">Saj\u00adt\u00f3\u00adk\u00f6z\u00adle\u00adm\u00e9ny<\/h2>\n<h2 align=\"left\">hum\u00e1n kapa\u00adci\u00adt\u00e1\u00adsok fej\u00adlesz\u00adt\u00e9se a\u00a0j\u00e1sz\u00ada\u00adp\u00e1ti j\u00e1r\u00e1sban<\/h2>\n<p><strong>A J\u00e1sz\u00ada\u00adp\u00e1ti V\u00e1rosi \u00d6nkor\u00adm\u00e1ny\u00adzat, Alatty\u00e1n K\u00f6z\u00ads\u00e9g \u00d6nkor\u00adm\u00e1ny\u00adzata, a\u00a0J\u00e1nos\u00adhida K\u00f6z\u00ads\u00e9gi \u00d6nkor\u00adm\u00e1ny\u00adzat, a\u00a0J\u00e1szal\u00ads\u00f3\u00adszent\u00adgy\u00f6rgy K\u00f6z\u00ads\u00e9gi \u00d6nkor\u00adm\u00e1ny\u00adzat, a\u00a0J\u00e1sz\u00add\u00f3\u00adzsa K\u00f6z\u00ads\u00e9gi \u00d6nkor\u00adm\u00e1ny\u00adzat, s\u00a0J\u00e1sziv\u00e1ny K\u00f6z\u00ads\u00e9gi \u00d6nkor\u00adm\u00e1ny\u00adzat, J\u00e1sz\u00adkis\u00e9r V\u00e1ros \u00d6nkor\u00adm\u00e1ny\u00adzata, vala\u00admint a\u00a0J\u00e1sz\u00adla\u00add\u00e1ny Nagy\u00adk\u00f6z\u00ads\u00e9gi \u00d6nkor\u00adm\u00e1ny\u00adzat alkotta kon\u00adzor\u00adcium az EFOP-3.9.2\u201316 k\u00f3d\u00adsz\u00e1m\u00fa p\u00e1ly\u00e1\u00adzati konst\u00adruk\u00adci\u00f3 kere\u00adt\u00e9\u00adben beny\u00faj\u00adtotta a \u201eHum\u00e1n kapa\u00adci\u00adt\u00e1\u00adsok fej\u00adlesz\u00adt\u00e9se a\u00a0J\u00e1sz\u00ada\u00adp\u00e1ti j\u00e1r\u00e1s\u00adban\u201d c\u00edm\u0171 pro\u00adjek\u00adtet. A\u00a0t\u00e1mo\u00adga\u00adt\u00e1si szerz\u0151\u00add\u00e9s 2018. janu\u00e1r 10-\u00e9n l\u00e9pett hat\u00e1lyba. A\u00a0kon\u00adzor\u00adcium 473.488.114,- Ft vissza nem t\u00e9r\u00ed\u00adtend\u0151 t\u00e1mo\u00adga\u00adt\u00e1s\u00adban r\u00e9sze\u00ads\u00fclt az Emberi Er\u0151\u00adfor\u00adr\u00e1s Fej\u00adlesz\u00adt\u00e9si Ope\u00adra\u00adt\u00edv Prog\u00adram kere\u00adt\u00e9n\u00a0bel\u00fcl.<\/strong><\/p>\n<p>&nbsp;<\/p>\n<p>A pro\u00adjekt c\u00e9lja a\u00a0t\u00e1r\u00adsa\u00addalmi h\u00e1t\u00adr\u00e1\u00adnyok komp\u00adlex meg\u00adk\u00f6\u00adze\u00adl\u00ed\u00adt\u00e9s\u00adsel t\u00f6r\u00adt\u00e9n\u0151 cs\u00f6k\u00adken\u00adt\u00e9se a\u00a0hum\u00e1n k\u00f6z\u00adszol\u00adg\u00e1l\u00adta\u00adt\u00e1\u00adsok tekin\u00adte\u00adt\u00e9\u00adben, vala\u00admint a\u00a0min\u0151\u00ads\u00e9gi k\u00f6z\u00adszol\u00adg\u00e1l\u00adta\u00adt\u00e1\u00adsok\u00adhoz val\u00f3 hoz\u00adz\u00e1\u00adf\u00e9\u00adr\u00e9s jav\u00ed\u00adt\u00e1sa. Ennek meg\u00adfe\u00adlel\u0151en a\u00a0pro\u00adjekt fel\u00adadata, hogy hoz\u00adz\u00e1\u00adj\u00e1\u00adrul\u00adjon a\u00a0min\u0151\u00ads\u00e9gi szol\u00adg\u00e1l\u00adta\u00adt\u00e1\u00adsok fej\u00adlesz\u00adt\u00e9\u00ads\u00e9\u00adhez, az isko\u00adla\u00adrend\u00adsze\u00adren k\u00edv\u00fcli id\u0151\u00adszak\u00adban t\u00e1mo\u00adga\u00adt\u00e1st ny\u00fajt\u00adson a\u00a0gyer\u00adme\u00adkek, tanu\u00adl\u00f3k, hall\u00adga\u00adt\u00f3k fejl\u0151\u00add\u00e9\u00ads\u00e9\u00adhez, sze\u00adm\u00e9\u00adlyi\u00ads\u00e9\u00adg\u00fck kitel\u00adje\u00adse\u00add\u00e9\u00ads\u00e9\u00adhez, kom\u00adpe\u00adten\u00adci\u00ad\u00e1ik fej\u00adlesz\u00adt\u00e9\u00ads\u00e9\u00adhez, vala\u00admint t\u00e1mo\u00adgassa a\u00a0h\u00e1t\u00adr\u00e1\u00adnyos hely\u00adzet\u0171 tanu\u00adl\u00f3\u00adkat, hall\u00adga\u00adt\u00f3\u00adkat a\u00a0tanu\u00adl\u00e1s\u00adhoz val\u00f3 egyenl\u0151 es\u00e9ly\u0171 hoz\u00adz\u00e1\u00adf\u00e9\u00adr\u00e9s\u00adben, tov\u00e1bb\u00e1 plusz komp\u00adlex szol\u00adg\u00e1l\u00adta\u00adt\u00e1\u00adsok kiala\u00adk\u00ed\u00adt\u00e1\u00ads\u00e1t tegye lehet\u0151v\u00e9 az \u00f3vod\u00e1kban.<\/p>\n<p>A pro\u00adjekt leg\u00adf\u0151bb c\u00e9l\u00adkit\u0171\u00adz\u00e9\u00adsei, hogy a\u00a0t\u00e1mo\u00adga\u00adtott prog\u00adra\u00admok\u00adban leg\u00adal\u00e1bb 600 f\u0151 tanul\u00f3 vegyen r\u00e9szt, az infor\u00adm\u00e1\u00adlis \u00e9s nem for\u00adm\u00e1\u00adlis k\u00e9p\u00adz\u00e9s\u00adben r\u00e9szt\u00advev\u0151 gye\u00adre\u00adkek \u00e9s fia\u00adta\u00adlok sz\u00e1ma pedig el\u00e9rje a\u00a0400 f\u0151t, tov\u00e1bb\u00e1 az eur\u00f3\u00adpai uni\u00f3s t\u00e1mo\u00adga\u00adt\u00e1s seg\u00edt\u00ads\u00e9\u00adg\u00e9\u00advel a\u00a0prog\u00adram ideje alatt 500 f\u0151 sze\u00adrez\u00adzen k\u00e9pe\u00ads\u00ed\u00adt\u00e9st, leg\u00adal\u00e1bb 120 f\u0151 hum\u00e1n k\u00f6z\u00adszol\u00adg\u00e1l\u00adta\u00adt\u00e1\u00adsok\u00adban dol\u00adgoz\u00f3 vegyen r\u00e9szt tov\u00e1bb\u00adk\u00e9p\u00adz\u00e9si prog\u00adra\u00admok\u00adban, mely ut\u00f3b\u00adbi\u00adb\u00f3l 100 f\u0151 bizo\u00adny\u00edt\u00adv\u00e1nyt vagy tan\u00fa\u00ads\u00edt\u00adv\u00e1nyt szerez.<\/p>\n<p>&nbsp;<\/p>\n<p>A pro\u00adjekt ter\u00adve\u00adzett id\u0151\u00adtar\u00adtama 36\u00a0h\u00f3nap.<\/p>\n<p>A pro\u00adjekt ter\u00adve\u00adzett fizi\u00adkai befe\u00adje\u00adz\u00e9se: 2020.12.31.<\/p>\n<h2>*********************************************************************<\/h2>\n<h2>T\u00e1mo\u00adga\u00adt\u00e1si szerz\u0151d\u00e9s:<\/h2>\n<h2><a href=\"https:\/\/docs.google.com\/viewerng\/viewer?url=www.jaszapati.hu\/images\/Palyazatok\/P%C3%A1ly%C3%A1zat_2020\/human_kapacitas\/tszalairt.pdf\">TSZ _al\u00e1\u00edrt<\/a><\/h2>\n<\/div>\n","protected":false},"excerpt":{"rendered":"<p>VISSZA A F\u0150OLDALRA EFOP-3.9.2\u201316-2017\u201300019 Hum\u00e1n kapacit\u00e1sok fejleszt\u00e9se a\u00a0J\u00e1szap\u00e1ti j\u00e1r\u00e1sban &nbsp; &nbsp; &nbsp; &nbsp; &nbsp; 2018 | 02 |\u00a019 J\u00e1sz\u00ada\u00adp\u00e1ti V\u00e1rosi \u00d6nkorm\u00e1nyzat &nbsp; Saj\u00adt\u00f3\u00adk\u00f6z\u00adle\u00adm\u00e9ny hum\u00e1n kapa\u00adci\u00adt\u00e1\u00adsok fej\u00adlesz\u00adt\u00e9se a\u00a0j\u00e1sz\u00ada\u00adp\u00e1ti j\u00e1r\u00e1sban A J\u00e1sz\u00ada\u00adp\u00e1ti V\u00e1rosi \u00d6nkor\u00adm\u00e1ny\u00adzat, Alatty\u00e1n K\u00f6z\u00ads\u00e9g \u00d6nkor\u00adm\u00e1ny\u00adzata, a\u00a0J\u00e1nos\u00adhida K\u00f6z\u00ads\u00e9gi \u00d6nkor\u00adm\u00e1ny\u00adzat, a\u00a0J\u00e1szal\u00ads\u00f3\u00adszent\u00adgy\u00f6rgy K\u00f6z\u00ads\u00e9gi \u00d6nkor\u00adm\u00e1ny\u00adzat, a\u00a0J\u00e1sz\u00add\u00f3\u00adzsa K\u00f6z\u00ads\u00e9gi \u00d6nkor\u00adm\u00e1ny\u00adzat, s\u00a0J\u00e1sziv\u00e1ny K\u00f6z\u00ads\u00e9gi \u00d6nkor\u00adm\u00e1ny\u00adzat, J\u00e1sz\u00adkis\u00e9r V\u00e1ros \u00d6nkor\u00adm\u00e1ny\u00adzata, vala\u00admint a\u00a0J\u00e1sz\u00adla\u00add\u00e1ny Nagy\u00adk\u00f6z\u00ads\u00e9gi \u00d6nkor\u00adm\u00e1ny\u00adzat alkotta&hellip;<\/p>\n","protected":false},"author":1,"featured_media":0,"parent":28,"menu_order":0,"comment_status":"closed","ping_status":"closed","template":"","meta":{"footnotes":""},"class_list":["post-112","page","type-page","status-publish","hentry","entry","no-media"],"_links":{"self":[{"href":"https:\/\/palyazat.jaszalsoszentgyorgy.hu\/index.php?rest_route=\/wp\/v2\/pages\/112","targetHints":{"allow":["GET"]}}],"collection":[{"href":"https:\/\/palyazat.jaszalsoszentgyorgy.hu\/index.php?rest_route=\/wp\/v2\/pages"}],"about":[{"href":"https:\/\/palyazat.jaszalsoszentgyorgy.hu\/index.php?rest_route=\/wp\/v2\/types\/page"}],"author":[{"embeddable":true,"href":"https:\/\/palyazat.jaszalsoszentgyorgy.hu\/index.php?rest_route=\/wp\/v2\/users\/1"}],"replies":[{"embeddable":true,"href":"https:\/\/palyazat.jaszalsoszentgyorgy.hu\/index.php?rest_route=%2Fwp%2Fv2%2Fcomments&post=112"}],"version-history":[{"count":0,"href":"https:\/\/palyazat.jaszalsoszentgyorgy.hu\/index.php?rest_route=\/wp\/v2\/pages\/112\/revisions"}],"up":[{"embeddable":true,"href":"https:\/\/palyazat.jaszalsoszentgyorgy.hu\/index.php?rest_route=\/wp\/v2\/pages\/28"}],"wp:attachment":[{"href":"https:\/\/palyazat.jaszalsoszentgyorgy.hu\/index.php?rest_route=%2Fwp%2Fv2%2Fmedia&parent=112"}],"curies":[{"name":"wp","href":"https:\/\/api.w.org\/{rel}","templated":true}]}}