{"id":28,"date":"2021-01-11T22:52:14","date_gmt":"2021-01-11T22:52:14","guid":{"rendered":"http:\/\/palyazat.jaszalsoszentgyorgy.hu\/?page_id=28"},"modified":"2024-02-20T10:45:52","modified_gmt":"2024-02-20T09:45:52","slug":"kezdooldal","status":"publish","type":"page","link":"https:\/\/palyazat.jaszalsoszentgyorgy.hu\/","title":{"rendered":"Kezd\u0151oldal"},"content":{"rendered":"<p><img decoding=\"async\" class=\"alignright\" style=\"position: fixed; top: 5px; right: 245px; z-index: 1000; width: 270px;\" src=\"http:\/\/palyazat.jaszalsoszentgyorgy.hu\/wp-content\/uploads\/2022\/08\/info_f.png\" alt=\"\" height=\"64\" \/><\/p>\n<h2><span style=\"color: #3366ff;\"><a style=\"color: #3366ff;\" href=\"http:\/\/www.jaszalsoszentgyorgy.hu\"><span style=\"font-size: 10px; font-family: 'book antiqua', palatino, serif;\">VISSZA A HIVATALOS HONLAPRA<\/span><\/a><\/span><\/h2>\n<h2 style=\"text-align: center;\"><span style=\"font-size: 28px; font-family: 'book antiqua', palatino, serif;\">SZ\u00c9CHENYI 2020<\/span><\/h2>\n<h2><span style=\"color: #3366ff;\"><a style=\"color: #3366ff;\" href=\"https:\/\/palyazat.jaszalsoszentgyorgy.hu\/?page_id=652\">VP6-7.2.1.1-21<\/a><\/span><\/h2>\n<h2>K\u00fclter\u00fcleti helyi k\u00f6z\u00fat fejleszt\u00e9se J\u00e1szals\u00f3szentgy\u00f6rgy\u00f6n<\/h2>\n<p>_______________________________________________________________<\/p>\n<h2><span style=\"color: #3366ff;\"><a style=\"color: #3366ff;\" href=\"http:\/\/palyazat.jaszalsoszentgyorgy.hu\/?page_id=579\">TOP-2.1.3-16-JN1-2021-00022<\/a><\/span><\/h2>\n<h2>J\u00e1szals\u00f3szentgy\u00f6rgy belter\u00fclet\u00e9nek v\u00e9delm\u00e9t szolg\u00e1l\u00f3 v\u00edzelvezet\u0151h\u00e1l\u00f3zat fejleszt\u00e9se<\/h2>\n<p>_______________________________________________________________<\/p>\n<h2><span style=\"color: #3366ff;\"><a style=\"color: #3366ff;\" href=\"http:\/\/palyazat.jaszalsoszentgyorgy.hu\/?page_id=180\">VP6-19.2.1-48-4-17<\/a><\/span><\/h2>\n<h2>\u00c9p\u00edtett- \u00e9s kultur\u00e1lis \u00f6r\u00f6ks\u00e9gek meg\u0151rz\u00e9se<\/h2>\n<p>_______________________________________________________________<\/p>\n<h2><span style=\"color: #3366ff;\"><a style=\"color: #3366ff;\" href=\"http:\/\/palyazat.jaszalsoszentgyorgy.hu\/?page_id=164\">K\u00d6FOP-1.2.1-VEKOP-16-2017-<wbr \/>00940<\/a><\/span><\/h2>\n<h2>J\u00c1SZALS\u00d3SZENTGY\u00d6RGY K\u00d6ZS\u00c9GI \u00d6NKORM\u00c1NYZAT ASP K\u00d6ZPONTHOZ VAL\u00d3 CSATLAKOZ\u00c1SA<\/h2>\n<p>_______________________________________________________________<\/p>\n<div class=\"entry\">\n<h2><span style=\"color: #3366ff;\"><a style=\"color: #3366ff;\" href=\"http:\/\/palyazat.jaszalsoszentgyorgy.hu\/?page_id=78\">TOP-3.2.1\u201316-JN1-2017\u201300005<\/a><\/span><\/h2>\n<h2>A J\u00e1szal\u00ads\u00f3\u00adszent\u00adgy\u00f6r\u00adgyi Roma Nem\u00adze\u00adti\u00ads\u00e9gi \u00d6nkor\u00adm\u00e1ny\u00adzat sz\u00e9k\u00adhe\u00adly\u00e9\u00adnek ener\u00adge\u00adti\u00adkai korszer\u0171s\u00edt\u00e9se<\/h2>\n<p>_______________________________________________________________<\/p>\n<h2><span style=\"color: #3366ff;\"><a style=\"color: #3366ff;\" href=\"http:\/\/palyazat.jaszalsoszentgyorgy.hu\/?page_id=80\">TOP-3.1.1\u201315-JN1-2016\u201300017<\/a><\/span><\/h2>\n<h2>Ker\u00e9k\u00adp\u00e1\u00adros\u00adba\u00adr\u00e1t fej\u00adlesz\u00adt\u00e9s ker\u00e9k\u00adp\u00e1\u00adr\u00fat ki\u00e9p\u00ed\u00adt\u00e9\u00ads\u00e9\u00advel J\u00e1szals\u00f3szentgy\u00f6rgy\u00f6n<\/h2>\n<p><span style=\"color: #3366ff; font-size: 13px;\"><a style=\"color: #3366ff;\" href=\"http:\/\/palyazat.jaszalsoszentgyorgy.hu\/?page_id=84\">K\u00d6ZBESZERZ\u00c9S<\/a><\/span><\/p>\n<p>_______________________________________________________________<\/p>\n<h2><a href=\"http:\/\/palyazat.jaszalsoszentgyorgy.hu\/?page_id=92\"><span style=\"color: #3366ff;\">TOP-1.2.1\u201315-JN1-2016\u201300006<\/span><\/a><\/h2>\n<h2>Turiz\u00admus\u00adfej\u00adlesz\u00adt\u00e9s J\u00e1nos\u00adhida, Alatty\u00e1n \u00e9s J\u00e1szal\u00ads\u00f3\u00adszent\u00adgy\u00f6rgy telep\u00fcl\u00e9seken<\/h2>\n<p>_______________________________________________________________<\/p>\n<h2><a href=\"http:\/\/palyazat.jaszalsoszentgyorgy.hu\/?page_id=96\"><span style=\"color: #3366ff;\">TOP-3.2.1\u201315-JN1-2016\u201300066<\/span><\/a><\/h2>\n<h2>Az Eg\u00e9sz\u00ads\u00e9g\u00adh\u00e1z, A\u00a0Pol\u00adg\u00e1r\u00admes\u00adteri Hiva\u00adtal \u00e9s a\u00a0K\u00f6nyv\u00adt\u00e1r Ener\u00adge\u00adti\u00adkai kor\u00adszer\u0171\u00ads\u00ed\u00adt\u00e9se J\u00e1szals\u00f3szentgy\u00f6rgy\u00f6n<\/h2>\n<p><span style=\"font-size: 13px;\"><a href=\"http:\/\/palyazat.jaszalsoszentgyorgy.hu\/?page_id=98\"><span style=\"color: #3366ff;\">K\u00d6ZBESZERZ\u00c9S<\/span><\/a><\/span><\/p>\n<p>_______________________________________________________________<\/p>\n<h2><a href=\"http:\/\/palyazat.jaszalsoszentgyorgy.hu\/?page_id=101\"><span style=\"color: #3366ff;\">TOP-2.1.3\u201315-JN1-2016\u201300012<\/span><\/a><\/h2>\n<h2>Bel\u00adte\u00adr\u00fc\u00adleti v\u00edzelvezet\u0151-h\u00e1l\u00f3zat fej\u00adlesz\u00adt\u00e9se, rekonst\u00adruk\u00adci\u00ad\u00f3ja J\u00e1szals\u00f3szentgy\u00f6rgy\u00f6n<\/h2>\n<p><span style=\"font-size: 13px;\"><a href=\"http:\/\/palyazat.jaszalsoszentgyorgy.hu\/?page_id=103\"><span style=\"color: #3366ff;\">K\u00d6ZBESZERZ\u00c9S<\/span><\/a><\/span><\/p>\n<p>_______________________________________________________________<\/p>\n<h2><a href=\"http:\/\/palyazat.jaszalsoszentgyorgy.hu\/?page_id=106\"><span style=\"color: #3366ff;\">TOP-1.4.1\u201315-JN1-2016\u201300010<\/span><\/a><\/h2>\n<h2>A Cif\u00adra\u00adpa\u00adlota \u00d3vo\u00addai \u00e9s B\u00f6lcs\u0151\u00addei Int\u00e9z\u00adm\u00e9ny b\u00f6lcs\u0151\u00addei f\u00e9r\u0151\u00adhe\u00adlye\u00adi\u00adnek meg\u00addup\u00adl\u00e1\u00adz\u00e1sa \u00e9s az int\u00e9z\u00adm\u00e9ny inf\u00adra\u00adstruk\u00adtu\u00adr\u00e1\u00adlis fejleszt\u00e9se<\/h2>\n<p>_______________________________________________________________<\/p>\n<h2><a href=\"http:\/\/palyazat.jaszalsoszentgyorgy.hu\/?page_id=109\"><span style=\"color: #3366ff;\">TOP-5.3.1\u201316-JN1-2017\u201300003<\/span><\/a><\/h2>\n<h2>Helyi k\u00f6z\u00f6s\u00ads\u00e9\u00adgek fej\u00adlesz\u00adt\u00e9se a\u00a0J\u00e1sz\u00ada\u00adp\u00e1ti j\u00e1r\u00e1s 9\u00a0tele\u00adp\u00fc\u00adl\u00e9\u00ads\u00e9\u00adnek \u00f6sszefog\u00e1s\u00e1val<\/h2>\n<p>_______________________________________________________________<\/p>\n<h2><a href=\"http:\/\/palyazat.jaszalsoszentgyorgy.hu\/?page_id=112\"><span style=\"color: #3366ff;\">EFOP-3.9.2\u201316\u20132017\u201300019<\/span><\/a><\/h2>\n<h2>Hum\u00e1n kapa\u00adci\u00adt\u00e1\u00adsok fej\u00adlesz\u00adt\u00e9se a\u00a0J\u00e1sz\u00ada\u00adp\u00e1ti j\u00e1r\u00e1sban<\/h2>\n<p>_______________________________________________________________<\/p>\n<h2><a href=\"http:\/\/palyazat.jaszalsoszentgyorgy.hu\/?page_id=115\"><span style=\"color: #3366ff;\">EFOP-1.5.3\u201316\u20132017\u201300032<\/span><\/a><\/h2>\n<h2>Hum\u00e1n szol\u00adg\u00e1l\u00adta\u00adt\u00e1\u00adsok fej\u00adlesz\u00adt\u00e9se a\u00a0J\u00e1sz\u00ada\u00adp\u00e1ti j\u00e1r\u00e1sban<\/h2>\n<p>_______________________________________________________________<\/p>\n<h2><a href=\"http:\/\/palyazat.jaszalsoszentgyorgy.hu\/?page_id=118\"><span style=\"color: #3366ff;\">EFOP-1.2.11\u201316-2017\u201300037<\/span><\/a><\/h2>\n<h2>A fia\u00adta\u00adlok lak\u00adha\u00adt\u00e1si k\u00f6r\u00fcl\u00adm\u00e9\u00adnye\u00adi\u00adnek jav\u00ed\u00adt\u00e1sa \u00e9s hely\u00adben mara\u00add\u00e1\u00adsuk \u00f6sz\u00adt\u00f6n\u00adz\u00e9se J\u00e1szals\u00f3szentgy\u00f6rgy\u00f6n<\/h2>\n<p>_______________________________________________________________<\/p>\n<\/div>\n<p>&nbsp;<\/p>\n","protected":false},"excerpt":{"rendered":"<p>VISSZA A HIVATALOS HONLAPRA SZ\u00c9CHENYI 2020 VP6-7.2.1.1-21 K\u00fclter\u00fcleti helyi k\u00f6z\u00fat fejleszt\u00e9se J\u00e1szals\u00f3szentgy\u00f6rgy\u00f6n _______________________________________________________________ TOP-2.1.3-16-JN1-2021-00022 J\u00e1szals\u00f3szentgy\u00f6rgy belter\u00fclet\u00e9nek v\u00e9delm\u00e9t szolg\u00e1l\u00f3 v\u00edzelvezet\u0151h\u00e1l\u00f3zat fejleszt\u00e9se _______________________________________________________________ VP6-19.2.1-48-4-17 \u00c9p\u00edtett- \u00e9s kultur\u00e1lis \u00f6r\u00f6ks\u00e9gek meg\u0151rz\u00e9se _______________________________________________________________ K\u00d6FOP-1.2.1-VEKOP-16-2017-00940 J\u00c1SZALS\u00d3SZENTGY\u00d6RGY K\u00d6ZS\u00c9GI \u00d6NKORM\u00c1NYZAT ASP K\u00d6ZPONTHOZ VAL\u00d3 CSATLAKOZ\u00c1SA _______________________________________________________________ TOP-3.2.1\u201316-JN1-2017\u201300005 A J\u00e1szal\u00ads\u00f3\u00adszent\u00adgy\u00f6r\u00adgyi Roma Nem\u00adze\u00adti\u00ads\u00e9gi \u00d6nkor\u00adm\u00e1ny\u00adzat sz\u00e9k\u00adhe\u00adly\u00e9\u00adnek ener\u00adge\u00adti\u00adkai korszer\u0171s\u00edt\u00e9se _______________________________________________________________ TOP-3.1.1\u201315-JN1-2016\u201300017 Ker\u00e9k\u00adp\u00e1\u00adros\u00adba\u00adr\u00e1t fej\u00adlesz\u00adt\u00e9s ker\u00e9k\u00adp\u00e1\u00adr\u00fat ki\u00e9p\u00ed\u00adt\u00e9\u00ads\u00e9\u00advel J\u00e1szals\u00f3szentgy\u00f6rgy\u00f6n K\u00d6ZBESZERZ\u00c9S _______________________________________________________________&hellip;<\/p>\n","protected":false},"author":1,"featured_media":0,"parent":0,"menu_order":0,"comment_status":"closed","ping_status":"closed","template":"","meta":{"footnotes":""},"class_list":["post-28","page","type-page","status-publish","hentry","entry","no-media"],"_links":{"self":[{"href":"https:\/\/palyazat.jaszalsoszentgyorgy.hu\/index.php?rest_route=\/wp\/v2\/pages\/28","targetHints":{"allow":["GET"]}}],"collection":[{"href":"https:\/\/palyazat.jaszalsoszentgyorgy.hu\/index.php?rest_route=\/wp\/v2\/pages"}],"about":[{"href":"https:\/\/palyazat.jaszalsoszentgyorgy.hu\/index.php?rest_route=\/wp\/v2\/types\/page"}],"author":[{"embeddable":true,"href":"https:\/\/palyazat.jaszalsoszentgyorgy.hu\/index.php?rest_route=\/wp\/v2\/users\/1"}],"replies":[{"embeddable":true,"href":"https:\/\/palyazat.jaszalsoszentgyorgy.hu\/index.php?rest_route=%2Fwp%2Fv2%2Fcomments&post=28"}],"version-history":[{"count":21,"href":"https:\/\/palyazat.jaszalsoszentgyorgy.hu\/index.php?rest_route=\/wp\/v2\/pages\/28\/revisions"}],"predecessor-version":[{"id":672,"href":"https:\/\/palyazat.jaszalsoszentgyorgy.hu\/index.php?rest_route=\/wp\/v2\/pages\/28\/revisions\/672"}],"wp:attachment":[{"href":"https:\/\/palyazat.jaszalsoszentgyorgy.hu\/index.php?rest_route=%2Fwp%2Fv2%2Fmedia&parent=28"}],"curies":[{"name":"wp","href":"https:\/\/api.w.org\/{rel}","templated":true}]}}