{"id":579,"date":"2022-08-11T18:06:18","date_gmt":"2022-08-11T17:06:18","guid":{"rendered":"http:\/\/palyazat.jaszalsoszentgyorgy.hu\/?page_id=579"},"modified":"2023-08-31T11:34:07","modified_gmt":"2023-08-31T10:34:07","slug":"top-2-1-3-16-jn1-2021-00022","status":"publish","type":"page","link":"https:\/\/palyazat.jaszalsoszentgyorgy.hu\/?page_id=579","title":{"rendered":"TOP-2.1.3-16-JN1-2021-00022"},"content":{"rendered":"<h2><span style=\"font-size: 10px; font-family: 'book antiqua', palatino, serif; color: #3366ff;\"><a style=\"color: #3366ff;\" href=\"http:\/\/palyazat.jaszalsoszentgyorgy.hu\/\">VISSZA A F\u0150OLDALRA<\/a><\/span><\/h2>\n<h3>TOP-2.1.3-16-JN1-2021-00022 &#8222;J\u00e1szals\u00f3szentgy\u00f6rgy belter\u00fclet\u00e9nek v\u00e9delm\u00e9t szolg\u00e1l\u00f3 v\u00edzelvezet\u0151h\u00e1l\u00f3zat fejleszt\u00e9se&#8221;<\/h3>\n<p><img loading=\"lazy\" decoding=\"async\" class=\"aligncenter wp-image-580 size-large\" src=\"http:\/\/palyazat.jaszalsoszentgyorgy.hu\/wp-content\/uploads\/2022\/08\/top_2_1_3_16_jn1_2021_00022_d_fekvo_vajojel_nelkuli-1024x724.jpg\" alt=\"\" width=\"980\" height=\"693\" srcset=\"https:\/\/palyazat.jaszalsoszentgyorgy.hu\/wp-content\/uploads\/2022\/08\/top_2_1_3_16_jn1_2021_00022_d_fekvo_vajojel_nelkuli-1024x724.jpg 1024w, https:\/\/palyazat.jaszalsoszentgyorgy.hu\/wp-content\/uploads\/2022\/08\/top_2_1_3_16_jn1_2021_00022_d_fekvo_vajojel_nelkuli-300x212.jpg 300w, https:\/\/palyazat.jaszalsoszentgyorgy.hu\/wp-content\/uploads\/2022\/08\/top_2_1_3_16_jn1_2021_00022_d_fekvo_vajojel_nelkuli-768x543.jpg 768w, https:\/\/palyazat.jaszalsoszentgyorgy.hu\/wp-content\/uploads\/2022\/08\/top_2_1_3_16_jn1_2021_00022_d_fekvo_vajojel_nelkuli-1536x1086.jpg 1536w, https:\/\/palyazat.jaszalsoszentgyorgy.hu\/wp-content\/uploads\/2022\/08\/top_2_1_3_16_jn1_2021_00022_d_fekvo_vajojel_nelkuli-2048x1448.jpg 2048w\" sizes=\"auto, (max-width: 980px) 100vw, 980px\" \/><\/p>\n<p>&nbsp;<\/p>\n<p><strong>Projekt azonos\u00edt\u00f3 sz\u00e1ma:<\/strong>\u00a0 TOP-2.1.3-16-JN1-2021-00022<\/p>\n<p><strong>Projekt c\u00edme:<\/strong> J\u00e1szals\u00f3szentgy\u00f6rgy belter\u00fclet\u00e9nek v\u00e9delm\u00e9t szolg\u00e1l\u00f3 v\u00edzelvezet\u0151h\u00e1l\u00f3zat fejleszt\u00e9se<\/p>\n<p><strong>Kedvezm\u00e9nyezett neve:<\/strong> J\u00e1szals\u00f3szentgy\u00f6rgy K\u00f6zs\u00e9gi \u00d6nkorm\u00e1nyzat<\/p>\n<p><strong>T\u00e1mogat\u00e1s \u00f6sszege:<\/strong> 200.000.000.-Ft<\/p>\n<p><strong>T\u00e1mogat\u00e1s m\u00e9rt\u00e9ke:<\/strong> 100%<\/p>\n<p><strong>Projekt befejez\u00e9si d\u00e1tuma:<\/strong> 2023. m\u00e1jus 31.<\/p>\n<p><strong>A projekt tartalm\u00e1nak bemutat\u00e1sa:<\/strong><\/p>\n<p>Az \u00f6nkorm\u00e1nyzat kiemelt szinten kezeli a belter\u00fcleti csapad\u00e9kv\u00edz-elvezet\u00e9st a telep\u00fcl\u00e9sen, ennek \u00e9rdek\u00e9ben m\u00e1r a kor\u00e1bbi \u00e9vekben is t\u00f6bb jelent\u0151s fejleszt\u00e9st hajtott v\u00e9gre. Az el\u0151z\u0151 \u00fctemekben a z\u00e1port\u00e1roz\u00f3k, le\u00fcr\u00edt\u0151 csatorn\u00e1k (I. \u00fctem), \u00e9s n\u00e9h\u00e1ny gy\u0171jt\u0151 csatorna (II. \u00fctem) \u00e9p\u00fclt meg. A megval\u00f3sult csatorn\u00e1k \u00e9s t\u00e1roz\u00f3k \u00fczemeltet\u00e9si enged\u00e9llyel rendelkeznek. Jelen p\u00e1ly\u00e1zattal (III. \u00fctem) a lok\u00e1lis belv\u00edzprobl\u00e9m\u00e1kat szeretn\u00e9nk a telep\u00fcl\u00e9sen megoldani.<\/p>\n<p>A tervezett v\u00edzi munk\u00e1k l\u00e9tes\u00edt\u00e9s\u00e9nek \u00e1tfog\u00f3 c\u00e9lja egyr\u00e9szt a telep\u00fcl\u00e9s belter\u00fcleti csapad\u00e9kv\u00edz elvezet\u00e9si, gazd\u00e1lkod\u00e1si rendszer\u00e9nek kialak\u00edt\u00e1sa, fejleszt\u00e9se, k\u00f6rnyezetbiztons\u00e1g\u00e1nak n\u00f6vel\u00e9se, k\u00f6rnyezeti \u00e1llapot\u00e1nak jav\u00edt\u00e1sa, s a belv\u00edz- \u00e9s helyi v\u00edzk\u00e1r vesz\u00e9lyeztetetts\u00e9g\u00e9nek cs\u00f6kkent\u00e9se, a felsz\u00edni vizeink min\u0151s\u00e9g\u00e9nek jav\u00edt\u00e1sa, a tov\u00e1bbi k\u00f6rnyezeti k\u00e1resem\u00e9nyek megel\u0151z\u00e9se. A tervezett csapad\u00e9kv\u00edz elvezet\u00e9s fejleszt\u00e9sek eset\u00e9ben a c\u00e9l a belter\u00fcletre hullott csapad\u00e9kvizek \u00e9s felsz\u00edn al\u00f3l el\u0151t\u00f6r\u0151 fakad\u00f3 \u2013 helyben nem hasznos\u00edthat\u00f3- vizek rendezett \u00e9s k\u00e1rt\u00e9tel n\u00e9lk\u00fcli elvezet\u00e9se.<\/p>\n<p>A fejleszt\u00e9s tervez\u00e9se sor\u00e1n a vizek helyben tart\u00e1s\u00e1nak megval\u00f3s\u00edt\u00e1sa fontos szempont volt.<\/p>\n<p>A tervezett v\u00edzelvezet\u0151 h\u00e1l\u00f3zat v\u00edzjogi l\u00e9tes\u00edt\u00e9si enged\u00e9llyel rendelkezik, melynek sz\u00e1ma:\u00a036600\/4317\/2020<\/p>\n<p>V\u00edzik\u00f6nyvi sz\u00e1m: Zagyva\/2114<\/p>\n<p><strong>A tervezett csapad\u00e9kv\u00edz elvezet\u0151 csatornah\u00e1l\u00f3zat az al\u00e1bbi utc\u00e1kat \u00e9rinti: <\/strong><\/p>\n<p><strong>\u00a0<\/strong><strong>&#8211; Radn\u00f3ti Mikl\u00f3s utca <\/strong><\/p>\n<p><strong>&#8211; Zagyva utca <\/strong><\/p>\n<p><strong>&#8211; Somogyi utca <\/strong><\/p>\n<p><strong>&#8211; J\u00e1sz utca <\/strong><\/p>\n<p><strong>&#8211; J\u00f3zsef Attila utca <\/strong><\/p>\n<p><strong>&#8211; Z\u00f6ldmez\u0151 utca <\/strong><\/p>\n<p><strong>&#8211; Ifj\u00fas\u00e1g utca <\/strong><\/p>\n<p><strong>&#8211; Sz\u00e9chenyi utca <\/strong><\/p>\n<p><strong>&#8211; D\u00e9lib\u00e1b utca <\/strong><\/p>\n<p><strong>&#8211; Wessel\u00e9nyi Mikl\u00f3s utca<\/strong><\/p>\n<p>&nbsp;<\/p>\n<h5><span style=\"font-size: 12px;\"><strong><a href=\"http:\/\/palyazat.jaszalsoszentgyorgy.hu\/wp-content\/uploads\/2022\/10\/sajt-k-zlem-ny_-J-szals-szentgy-rgy.pdf\" target=\"_blank\" rel=\"noopener\">Sajt\u00f3k\u00f6zlem\u00e9ny<\/a><\/strong><\/span><\/h5>\n<h5><strong><span style=\"font-size: 12px;\"><a href=\"http:\/\/palyazat.jaszalsoszentgyorgy.hu\/?page_id=619\">Fot\u00f3dokument\u00e1ci\u00f3<\/a><\/span><\/strong><\/h5>\n<h5><span style=\"font-size: 12px;\"><strong><a href=\"http:\/\/palyazat.jaszalsoszentgyorgy.hu\/?page_id=622\">Z\u00e1r\u00f3 sajt\u00f3k\u00f6zlem\u00e9ny<\/a><\/strong><\/span><\/h5>\n<p>&nbsp;<\/p>\n","protected":false},"excerpt":{"rendered":"<p>VISSZA A F\u0150OLDALRA TOP-2.1.3-16-JN1-2021-00022 &#8222;J\u00e1szals\u00f3szentgy\u00f6rgy belter\u00fclet\u00e9nek v\u00e9delm\u00e9t szolg\u00e1l\u00f3 v\u00edzelvezet\u0151h\u00e1l\u00f3zat fejleszt\u00e9se&#8221; &nbsp; Projekt azonos\u00edt\u00f3 sz\u00e1ma:\u00a0 TOP-2.1.3-16-JN1-2021-00022 Projekt c\u00edme: J\u00e1szals\u00f3szentgy\u00f6rgy belter\u00fclet\u00e9nek v\u00e9delm\u00e9t szolg\u00e1l\u00f3 v\u00edzelvezet\u0151h\u00e1l\u00f3zat fejleszt\u00e9se Kedvezm\u00e9nyezett neve: J\u00e1szals\u00f3szentgy\u00f6rgy K\u00f6zs\u00e9gi \u00d6nkorm\u00e1nyzat T\u00e1mogat\u00e1s \u00f6sszege: 200.000.000.-Ft T\u00e1mogat\u00e1s m\u00e9rt\u00e9ke: 100% Projekt befejez\u00e9si d\u00e1tuma: 2023. m\u00e1jus 31. A projekt tartalm\u00e1nak bemutat\u00e1sa: Az \u00f6nkorm\u00e1nyzat kiemelt szinten kezeli a belter\u00fcleti csapad\u00e9kv\u00edz-elvezet\u00e9st a telep\u00fcl\u00e9sen, ennek&hellip;<\/p>\n","protected":false},"author":1,"featured_media":0,"parent":0,"menu_order":0,"comment_status":"closed","ping_status":"closed","template":"","meta":{"footnotes":""},"class_list":["post-579","page","type-page","status-publish","hentry","entry","no-media"],"_links":{"self":[{"href":"https:\/\/palyazat.jaszalsoszentgyorgy.hu\/index.php?rest_route=\/wp\/v2\/pages\/579","targetHints":{"allow":["GET"]}}],"collection":[{"href":"https:\/\/palyazat.jaszalsoszentgyorgy.hu\/index.php?rest_route=\/wp\/v2\/pages"}],"about":[{"href":"https:\/\/palyazat.jaszalsoszentgyorgy.hu\/index.php?rest_route=\/wp\/v2\/types\/page"}],"author":[{"embeddable":true,"href":"https:\/\/palyazat.jaszalsoszentgyorgy.hu\/index.php?rest_route=\/wp\/v2\/users\/1"}],"replies":[{"embeddable":true,"href":"https:\/\/palyazat.jaszalsoszentgyorgy.hu\/index.php?rest_route=%2Fwp%2Fv2%2Fcomments&post=579"}],"version-history":[{"count":11,"href":"https:\/\/palyazat.jaszalsoszentgyorgy.hu\/index.php?rest_route=\/wp\/v2\/pages\/579\/revisions"}],"predecessor-version":[{"id":650,"href":"https:\/\/palyazat.jaszalsoszentgyorgy.hu\/index.php?rest_route=\/wp\/v2\/pages\/579\/revisions\/650"}],"wp:attachment":[{"href":"https:\/\/palyazat.jaszalsoszentgyorgy.hu\/index.php?rest_route=%2Fwp%2Fv2%2Fmedia&parent=579"}],"curies":[{"name":"wp","href":"https:\/\/api.w.org\/{rel}","templated":true}]}}