{"id":652,"date":"2024-02-20T10:35:34","date_gmt":"2024-02-20T09:35:34","guid":{"rendered":"https:\/\/palyazat.jaszalsoszentgyorgy.hu\/?page_id=652"},"modified":"2024-02-20T10:38:03","modified_gmt":"2024-02-20T09:38:03","slug":"vp6-7-2-1-1-21","status":"publish","type":"page","link":"https:\/\/palyazat.jaszalsoszentgyorgy.hu\/?page_id=652","title":{"rendered":"VP6-7.2.1.1-21"},"content":{"rendered":"<h1><span style=\"font-size: 10px;\"><a href=\"http:\/\/palyazat.jaszalsoszentgyorgy.hu\/\">VISSZA A F\u0150OLDALRA<\/a><\/span><\/h1>\n<h1 style=\"text-align: center;\"><strong>T\u00e1j\u00e9koztat\u00f3\u00a0<\/strong><strong>a VP6-7.2.1.1-21 k\u00f3dsz\u00e1m\u00fa <em>\u201eK\u00fclter\u00fcleti helyi k\u00f6z\u00fat fejleszt\u00e9se J\u00e1szals\u00f3szentgy\u00f6rgy\u00f6n\u201d<\/em> c\u00edm\u0171 projekt megval\u00f3sul\u00e1s\u00e1r\u00f3l<\/strong><\/h1>\n<div>\n<div class=\"wp-block-image\"><img loading=\"lazy\" decoding=\"async\" class=\"wpa-warning wpa-image-missing-alt aligncenter size-large wp-image-659\" src=\"http:\/\/palyazat.jaszalsoszentgyorgy.hu\/wp-content\/uploads\/2024\/02\/tabla_vp6-1024x517.jpg\" alt=\"\" width=\"980\" height=\"495\" data-warning=\"Missing alt text\" srcset=\"https:\/\/palyazat.jaszalsoszentgyorgy.hu\/wp-content\/uploads\/2024\/02\/tabla_vp6-1024x517.jpg 1024w, https:\/\/palyazat.jaszalsoszentgyorgy.hu\/wp-content\/uploads\/2024\/02\/tabla_vp6-300x151.jpg 300w, https:\/\/palyazat.jaszalsoszentgyorgy.hu\/wp-content\/uploads\/2024\/02\/tabla_vp6-768x387.jpg 768w, https:\/\/palyazat.jaszalsoszentgyorgy.hu\/wp-content\/uploads\/2024\/02\/tabla_vp6-1536x775.jpg 1536w, https:\/\/palyazat.jaszalsoszentgyorgy.hu\/wp-content\/uploads\/2024\/02\/tabla_vp6.jpg 1774w\" sizes=\"auto, (max-width: 980px) 100vw, 980px\" \/><\/div>\n<h3>A Kedvezm\u00e9nyezett neve: J\u00e1szals\u00f3szentgy\u00f6rgy K\u00f6zs\u00e9gi \u00d6nkorm\u00e1nyzat<\/h3>\n<h3>P\u00e1ly\u00e1zati felh\u00edv\u00e1s neve, k\u00f3dsz\u00e1ma: K\u00fclter\u00fcleti helyi k\u00f6zutak fejleszt\u00e9se VP6-7.2.1.1-21<\/h3>\n<h3>A projekt c\u00edme: K\u00fclter\u00fcleti helyi k\u00f6z\u00fat fejleszt\u00e9se J\u00e1szals\u00f3szentgy\u00f6rgy\u00f6n<\/h3>\n<h3>A projekt azonos\u00edt\u00f3ja: 3295352294<\/h3>\n<h3>A szerz\u0151d\u00f6tt t\u00e1mogat\u00e1s \u00f6sszege: 189.126.698.- Ft<\/h3>\n<h3>A t\u00e1mogat\u00e1s m\u00e9rt\u00e9ke: 95 %<\/h3>\n<p style=\"text-align: center;\"><div class=\"ead-preview\"><div class=\"ead-document\" style=\"position: relative;padding-top: 90%;\"><div class=\"ead-iframe-wrapper\"><iframe src=\"\/\/docs.google.com\/viewer?url=http%3A%2F%2Fpalyazat.jaszalsoszentgyorgy.hu%2Fwp-content%2Fuploads%2F2024%2F02%2Fhonlapra.pdf&amp;embedded=true&amp;hl=en\" title=\"Embedded Document\" class=\"ead-iframe\" style=\"width: 100%;height: 100%;border: none;position: absolute;left: 0;top: 0;visibility: hidden;\"><\/iframe><\/div>\t\t\t<div class=\"ead-document-loading\" style=\"width:100%;height:100%;position:absolute;left:0;top:0;z-index:10;\">\n\t\t\t\t<div class=\"ead-loading-wrap\">\n\t\t\t\t\t<div class=\"ead-loading-main\">\n\t\t\t\t\t\t<div class=\"ead-loading\">\n\t\t\t\t\t\t\t<img src=\"https:\/\/palyazat.jaszalsoszentgyorgy.hu\/wp-content\/plugins\/embed-any-document\/images\/loading.svg\" width=\"55\" height=\"55\" alt=\"Loader\">\n\t\t\t\t\t\t\t<span>Loading...<\/span>\n\t\t\t\t\t\t<\/div>\n\t\t\t\t\t<\/div>\n\t\t\t\t\t<div class=\"ead-loading-foot\">\n\t\t\t\t\t\t<div class=\"ead-loading-foot-title\">\n\t\t\t\t\t\t\t<img src=\"https:\/\/palyazat.jaszalsoszentgyorgy.hu\/wp-content\/plugins\/embed-any-document\/images\/EAD-logo.svg\" alt=\"EAD Logo\" width=\"36\" height=\"23\"\/>\n\t\t\t\t\t\t\t<span>Taking too long?<\/span>\n\t\t\t\t\t\t<\/div>\n\t\t\t\t\t\t<div class=\"ead-document-btn ead-reload-btn\" role=\"button\">\n\t\t\t\t\t\t\t\t<img src=\"https:\/\/palyazat.jaszalsoszentgyorgy.hu\/wp-content\/plugins\/embed-any-document\/images\/reload.svg\" alt=\"Reload\" width=\"12\" height=\"12\"\/> Reload document\t\t\t\t\t\t\t<\/div>\n\t\t\t\t\t\t\t<span>|<\/span>\n\t\t\t\t\t\t\t<a href=\"http:\/\/palyazat.jaszalsoszentgyorgy.hu\/wp-content\/uploads\/2024\/02\/honlapra.pdf\" class=\"ead-document-btn\" target=\"_blank\">\n\t\t\t\t\t\t\t\t<img src=\"https:\/\/palyazat.jaszalsoszentgyorgy.hu\/wp-content\/plugins\/embed-any-document\/images\/open.svg\" alt=\"Open\" width=\"12\" height=\"12\"\/> Open in new tab\t\t\t\t\t\t\t<\/a>\n\t\t\t\t\t<\/div>\n\t\t\t\t<\/div>\n\t\t\t<\/div>\n\t\t<\/div><\/div>\n<\/div>\n","protected":false},"excerpt":{"rendered":"<p>VISSZA A F\u0150OLDALRA T\u00e1j\u00e9koztat\u00f3\u00a0a VP6-7.2.1.1-21 k\u00f3dsz\u00e1m\u00fa \u201eK\u00fclter\u00fcleti helyi k\u00f6z\u00fat fejleszt\u00e9se J\u00e1szals\u00f3szentgy\u00f6rgy\u00f6n\u201d c\u00edm\u0171 projekt megval\u00f3sul\u00e1s\u00e1r\u00f3l A Kedvezm\u00e9nyezett neve: J\u00e1szals\u00f3szentgy\u00f6rgy K\u00f6zs\u00e9gi \u00d6nkorm\u00e1nyzat P\u00e1ly\u00e1zati felh\u00edv\u00e1s neve, k\u00f3dsz\u00e1ma: K\u00fclter\u00fcleti helyi k\u00f6zutak fejleszt\u00e9se VP6-7.2.1.1-21 A projekt c\u00edme: K\u00fclter\u00fcleti helyi k\u00f6z\u00fat fejleszt\u00e9se J\u00e1szals\u00f3szentgy\u00f6rgy\u00f6n A projekt azonos\u00edt\u00f3ja: 3295352294 A szerz\u0151d\u00f6tt t\u00e1mogat\u00e1s \u00f6sszege: 189.126.698.- Ft A t\u00e1mogat\u00e1s m\u00e9rt\u00e9ke: 95 %<\/p>\n","protected":false},"author":1,"featured_media":0,"parent":0,"menu_order":0,"comment_status":"closed","ping_status":"closed","template":"","meta":{"footnotes":""},"class_list":["post-652","page","type-page","status-publish","hentry","entry","no-media"],"_links":{"self":[{"href":"https:\/\/palyazat.jaszalsoszentgyorgy.hu\/index.php?rest_route=\/wp\/v2\/pages\/652","targetHints":{"allow":["GET"]}}],"collection":[{"href":"https:\/\/palyazat.jaszalsoszentgyorgy.hu\/index.php?rest_route=\/wp\/v2\/pages"}],"about":[{"href":"https:\/\/palyazat.jaszalsoszentgyorgy.hu\/index.php?rest_route=\/wp\/v2\/types\/page"}],"author":[{"embeddable":true,"href":"https:\/\/palyazat.jaszalsoszentgyorgy.hu\/index.php?rest_route=\/wp\/v2\/users\/1"}],"replies":[{"embeddable":true,"href":"https:\/\/palyazat.jaszalsoszentgyorgy.hu\/index.php?rest_route=%2Fwp%2Fv2%2Fcomments&post=652"}],"version-history":[{"count":5,"href":"https:\/\/palyazat.jaszalsoszentgyorgy.hu\/index.php?rest_route=\/wp\/v2\/pages\/652\/revisions"}],"predecessor-version":[{"id":666,"href":"https:\/\/palyazat.jaszalsoszentgyorgy.hu\/index.php?rest_route=\/wp\/v2\/pages\/652\/revisions\/666"}],"wp:attachment":[{"href":"https:\/\/palyazat.jaszalsoszentgyorgy.hu\/index.php?rest_route=%2Fwp%2Fv2%2Fmedia&parent=652"}],"curies":[{"name":"wp","href":"https:\/\/api.w.org\/{rel}","templated":true}]}}