{"id":84,"date":"2021-01-12T00:22:10","date_gmt":"2021-01-12T00:22:10","guid":{"rendered":"http:\/\/palyazat.jaszalsoszentgyorgy.hu\/?page_id=84"},"modified":"2021-01-12T01:19:45","modified_gmt":"2021-01-12T01:19:45","slug":"kozbeszerzes","status":"publish","type":"page","link":"https:\/\/palyazat.jaszalsoszentgyorgy.hu\/?page_id=84","title":{"rendered":"K\u00f6zbeszerz\u00e9s"},"content":{"rendered":"<h2><span style=\"font-size: 10px; font-family: 'book antiqua', palatino, serif; color: #3366ff;\"><a style=\"color: #3366ff;\" href=\"http:\/\/palyazat.jaszalsoszentgyorgy.hu\/\">VISSZA A F\u0150OLDALRA<\/a><\/span><\/h2>\n<p><span style=\"font-size: 18px; font-family: 'book antiqua', palatino, serif;\">K\u00f6z\u00adbe\u00adszer\u00adz\u00e9s dokumentumai:<\/span><\/p>\n<p><span style=\"font-size: 18px; font-family: 'book antiqua', palatino, serif;\"><a href=\"http:\/\/www.jaszalsoszentgyorgy.hu\/wp-content\/uploads\/AF_J%C3%A1szals%C3%B3szentgy%C3%B6rgy_Ker%C3%A9kp%C3%A1r%C3%BAt_0227.pdf\">Aj\u00e1n\u00adlat\u00adt\u00e9\u00adteli felh\u00edv\u00e1s<\/a><\/span><\/p>\n<p><span style=\"font-size: 18px; font-family: 'book antiqua', palatino, serif;\"><a href=\"http:\/\/www.jaszalsoszentgyorgy.hu\/wp-content\/uploads\/K%C3%B6zbeszerz%C3%A9si_dokumtum_J%C3%A1szals%C3%B3szentgy%C3%B6rgy_Ker%C3%A9kp%C3%A1r%C3%BAt_0227.pdf\">K\u00f6zbeszerz\u00e9si_dokumentum<\/a><\/span><\/p>\n<p><span style=\"font-size: 18px; font-family: 'book antiqua', palatino, serif;\"><a href=\"http:\/\/www.jaszalsoszentgyorgy.hu\/wp-content\/uploads\/Bont%C3%A1si_jegyz%C5%91k%C3%B6nyv_jelenl%C3%A9ti_signed1.pdf\">Bont\u00e1si_jegyz\u0151k\u00f6nyv<\/a><\/span><\/p>\n<p><span style=\"font-size: 18px; font-family: 'book antiqua', palatino, serif;\"><a href=\"http:\/\/www.jaszalsoszentgyorgy.hu\/wp-content\/uploads\/%C3%96sszegez%C3%A9s-az-aj%C3%A1nlatok-elb%C3%ADr%C3%A1l%C3%A1s%C3%A1r%C3%B3l_20180403_signed.pdf\">\u00d6ssze\u00adge\u00adz\u00e9s az aj\u00e1n\u00adla\u00adtok elb\u00edr\u00e1l\u00e1s\u00e1r\u00f3l<\/a><\/span><\/p>\n","protected":false},"excerpt":{"rendered":"<p>VISSZA A F\u0150OLDALRA K\u00f6z\u00adbe\u00adszer\u00adz\u00e9s dokumentumai: Aj\u00e1n\u00adlat\u00adt\u00e9\u00adteli felh\u00edv\u00e1s K\u00f6zbeszerz\u00e9si_dokumentum Bont\u00e1si_jegyz\u0151k\u00f6nyv \u00d6ssze\u00adge\u00adz\u00e9s az aj\u00e1n\u00adla\u00adtok elb\u00edr\u00e1l\u00e1s\u00e1r\u00f3l<\/p>\n","protected":false},"author":1,"featured_media":0,"parent":80,"menu_order":0,"comment_status":"closed","ping_status":"closed","template":"","meta":{"footnotes":""},"class_list":["post-84","page","type-page","status-publish","hentry","entry","no-media"],"_links":{"self":[{"href":"https:\/\/palyazat.jaszalsoszentgyorgy.hu\/index.php?rest_route=\/wp\/v2\/pages\/84","targetHints":{"allow":["GET"]}}],"collection":[{"href":"https:\/\/palyazat.jaszalsoszentgyorgy.hu\/index.php?rest_route=\/wp\/v2\/pages"}],"about":[{"href":"https:\/\/palyazat.jaszalsoszentgyorgy.hu\/index.php?rest_route=\/wp\/v2\/types\/page"}],"author":[{"embeddable":true,"href":"https:\/\/palyazat.jaszalsoszentgyorgy.hu\/index.php?rest_route=\/wp\/v2\/users\/1"}],"replies":[{"embeddable":true,"href":"https:\/\/palyazat.jaszalsoszentgyorgy.hu\/index.php?rest_route=%2Fwp%2Fv2%2Fcomments&post=84"}],"version-history":[{"count":0,"href":"https:\/\/palyazat.jaszalsoszentgyorgy.hu\/index.php?rest_route=\/wp\/v2\/pages\/84\/revisions"}],"up":[{"embeddable":true,"href":"https:\/\/palyazat.jaszalsoszentgyorgy.hu\/index.php?rest_route=\/wp\/v2\/pages\/80"}],"wp:attachment":[{"href":"https:\/\/palyazat.jaszalsoszentgyorgy.hu\/index.php?rest_route=%2Fwp%2Fv2%2Fmedia&parent=84"}],"curies":[{"name":"wp","href":"https:\/\/api.w.org\/{rel}","templated":true}]}}