{"id":92,"date":"2021-01-12T00:31:29","date_gmt":"2021-01-12T00:31:29","guid":{"rendered":"http:\/\/palyazat.jaszalsoszentgyorgy.hu\/?page_id=92"},"modified":"2023-02-25T08:40:10","modified_gmt":"2023-02-25T07:40:10","slug":"top-1-2-1-15-jn1-2016-00006","status":"publish","type":"page","link":"https:\/\/palyazat.jaszalsoszentgyorgy.hu\/?page_id=92","title":{"rendered":"TOP-1.2.1\u201315-JN1-2016\u201300006"},"content":{"rendered":"<h2><span style=\"font-size: 10px; font-family: 'book antiqua', palatino, serif; color: #3366ff;\"><a style=\"color: #3366ff;\" href=\"http:\/\/palyazat.jaszalsoszentgyorgy.hu\/\">VISSZA A F\u0150OLDALRA<\/a><\/span><\/h2>\n<h2>TOP-1.2.1\u201315-JN1-2016\u201300006 \u201cTurizmusfejleszt\u00e9s J\u00e1noshida, Alatty\u00e1n \u00e9s J\u00e1szals\u00f3szentgy\u00f6rgy telep\u00fcl\u00e9seken\u201d<\/h2>\n<div class=\"entry\"><img loading=\"lazy\" decoding=\"async\" class=\"aligncenter wp-image-616 size-large\" src=\"http:\/\/palyazat.jaszalsoszentgyorgy.hu\/wp-content\/uploads\/2023\/02\/top_1_2_1_15_jn1_2016_00006_d_fekvo-1024x724.jpg\" alt=\"\" width=\"980\" height=\"693\" srcset=\"https:\/\/palyazat.jaszalsoszentgyorgy.hu\/wp-content\/uploads\/2023\/02\/top_1_2_1_15_jn1_2016_00006_d_fekvo-1024x724.jpg 1024w, https:\/\/palyazat.jaszalsoszentgyorgy.hu\/wp-content\/uploads\/2023\/02\/top_1_2_1_15_jn1_2016_00006_d_fekvo-300x212.jpg 300w, https:\/\/palyazat.jaszalsoszentgyorgy.hu\/wp-content\/uploads\/2023\/02\/top_1_2_1_15_jn1_2016_00006_d_fekvo-768x543.jpg 768w, https:\/\/palyazat.jaszalsoszentgyorgy.hu\/wp-content\/uploads\/2023\/02\/top_1_2_1_15_jn1_2016_00006_d_fekvo-1536x1086.jpg 1536w, https:\/\/palyazat.jaszalsoszentgyorgy.hu\/wp-content\/uploads\/2023\/02\/top_1_2_1_15_jn1_2016_00006_d_fekvo-2048x1448.jpg 2048w\" sizes=\"auto, (max-width: 980px) 100vw, 980px\" \/>&nbsp;<\/p>\n<p>_______________________________________________________________<\/p>\n<p>&nbsp;<\/p>\n<p>&nbsp;<\/p>\n<p><a href=\"http:\/\/www.jaszalsoszentgyorgy.hu\/wp-content\/uploads\/sz%C3%A9chenyi-2020-log%C3%B31.png\"><img loading=\"lazy\" decoding=\"async\" class=\"alignright size-medium wp-image-11625\" title=\"sz\u00e9chenyi 2020 log\u00f3\" src=\"http:\/\/www.jaszalsoszentgyorgy.hu\/wp-content\/uploads\/sz%C3%A9chenyi-2020-log%C3%B31-300x207.png\" alt=\"\" width=\"300\" height=\"207\" \/><\/a><\/p>\n<p>&nbsp;<\/p>\n<p>&nbsp;<\/p>\n<p>&nbsp;<\/p>\n<p>&nbsp;<\/p>\n<p>&nbsp;<\/p>\n<p>&nbsp;<\/p>\n<p align=\"center\">ELINDULT A\u00a0Turiz\u00admus\u00adfej\u00adlesz\u00adt\u00e9si PROJEKT J\u00e1nos\u00adhida, Alatty\u00e1n \u00e9s J\u00e1szal\u00ads\u00f3\u00adszent\u00adgy\u00f6rgy telep\u00fcl\u00e9seken<\/p>\n<p>&nbsp;<\/p>\n<p>Ked\u00advez\u00adm\u00e9\u00adnye\u00adzett neve:\u00a0<strong>J\u00e1nos\u00adhida K\u00f6z\u00ads\u00e9gi \u00d6nkorm\u00e1nyzat<\/strong><\/p>\n<p>Kon\u00adzor\u00adci\u00adumi tagok<strong>:\u00a0\u00a0\u00a0\u00a0\u00a0\u00a0\u00a0 J\u00e1szal\u00ads\u00f3\u00adszent\u00adgy\u00f6rgy K\u00f6z\u00ads\u00e9gi \u00d6nkorm\u00e1nyzat<\/strong><\/p>\n<p><strong>Alatty\u00e1n K\u00f6z\u00ads\u00e9g \u00d6nkorm\u00e1nyzata<\/strong><\/p>\n<p>Pro\u00adjekt c\u00edme:<strong>\u00a0Turiz\u00admus\u00adfej\u00adlesz\u00adt\u00e9s J\u00e1nos\u00adhida, Alatty\u00e1n \u00e9s J\u00e1szal\u00ads\u00f3\u00adszent\u00adgy\u00f6rgy telep\u00fcl\u00e9seken<\/strong><\/p>\n<p>Pro\u00adjekt azo\u00adno\u00ads\u00ed\u00adt\u00f3\u00adsz\u00e1ma:\u00a0<strong>TOP-1.2.1\u201315-JN1-2016\u201300006<\/strong><\/p>\n<p>Projekt fizikai befejez\u00e9se: <strong>2021.12.31.<\/strong><\/p>\n<p>\u00d6sszeg: <strong>497.041.867,- Ft (497,04 milli\u00f3 Ft)<\/strong><\/p>\n<p>T\u00e1mo\u00adga\u00adt\u00e1s m\u00e9r\u00adt\u00e9ke\u00a0<strong>100 %<\/strong><\/p>\n<p>Pro\u00adjekt tar\u00adtal\u00adm\u00e1\u00adnak bemutat\u00e1sa:<\/p>\n<p>A pro\u00adjekt \u00e1tfog\u00f3 c\u00e9lja a\u00a0helyi hagyo\u00adm\u00e1\u00adnyok\u00adban, \u00e9rt\u00e9\u00adkek\u00adben b\u0151vel\u00adked\u0151 gazdas\u00e1gi-kultur\u00e1lis \u00e9s t\u00e1ji\u00a0 \u00f6r\u00f6k\u00ads\u00e9g \u00e1ltal k\u00edn\u00e1lt lehet\u0151\u00ads\u00e9\u00adge\u00adket kihasz\u00adn\u00e1l\u00f3 \u00e9s meg\u0151rz\u0151, vala\u00admint a\u00a0tele\u00adp\u00fc\u00adl\u00e9s v\u00e1l\u00adlal\u00adko\u00adz\u00e1\u00adsa\u00adi\u00adnak fenn\u00adtart\u00adhat\u00f3 fejl\u0151\u00add\u00e9\u00ads\u00e9t el\u0151\u00adse\u00adg\u00edt\u0151, a\u00a0lako\u00adsok sz\u00e1\u00adm\u00e1ra min\u0151\u00ads\u00e9gi \u00e9lhet\u0151\u00ads\u00e9\u00adget, az\u00a0 ide\u00adl\u00e1\u00adto\u00adgat\u00f3 ven\u00add\u00e9\u00adgek\u00adnek\u00a0 pedig magas turisz\u00adti\u00adkai sz\u00edn\u00advo\u00adna\u00adlat biz\u00adto\u00ads\u00edt\u00f3 vonz\u00f3 tele\u00adp\u00fc\u00adl\u00e9s megval\u00f3s\u00edt\u00e1sa.<\/p>\n<p><a href=\"http:\/\/www.jaszalsoszentgyorgy.hu\/wp-content\/uploads\/projektismerteto-arculatos-TOP.1.2.1-15-J%C3%A1noshida-konzorcium.pdf\">pro\u00adjekt\u00adis\u00admer\u00adtet\u0151 tov\u00e1bb\u2026<\/a><\/p>\n<p><a href=\"http:\/\/palyazat.jaszalsoszentgyorgy.hu\/wp-content\/uploads\/2022\/11\/sajtokozlemeny_a-projekt_zarasarol_TOP-1.2.1-15-JN1-2016-00006.pdf\" target=\"_blank\" rel=\"noopener\">Sajt\u00f3k\u00f6zlem\u00e9ny a projekt z\u00e1r\u00e1s\u00e1r\u00f3l TOP-1.2.1-15-JN1-2016-00006<\/a><\/p>\n<\/div>\n","protected":false},"excerpt":{"rendered":"<p>VISSZA A F\u0150OLDALRA TOP-1.2.1\u201315-JN1-2016\u201300006 \u201cTurizmusfejleszt\u00e9s J\u00e1noshida, Alatty\u00e1n \u00e9s J\u00e1szals\u00f3szentgy\u00f6rgy telep\u00fcl\u00e9seken\u201d &nbsp; _______________________________________________________________ &nbsp; &nbsp; &nbsp; &nbsp; &nbsp; &nbsp; &nbsp; &nbsp; ELINDULT A\u00a0Turiz\u00admus\u00adfej\u00adlesz\u00adt\u00e9si PROJEKT J\u00e1nos\u00adhida, Alatty\u00e1n \u00e9s J\u00e1szal\u00ads\u00f3\u00adszent\u00adgy\u00f6rgy telep\u00fcl\u00e9seken &nbsp; Ked\u00advez\u00adm\u00e9\u00adnye\u00adzett neve:\u00a0J\u00e1nos\u00adhida K\u00f6z\u00ads\u00e9gi \u00d6nkorm\u00e1nyzat Kon\u00adzor\u00adci\u00adumi tagok:\u00a0\u00a0\u00a0\u00a0\u00a0\u00a0\u00a0 J\u00e1szal\u00ads\u00f3\u00adszent\u00adgy\u00f6rgy K\u00f6z\u00ads\u00e9gi \u00d6nkorm\u00e1nyzat Alatty\u00e1n K\u00f6z\u00ads\u00e9g \u00d6nkorm\u00e1nyzata Pro\u00adjekt c\u00edme:\u00a0Turiz\u00admus\u00adfej\u00adlesz\u00adt\u00e9s J\u00e1nos\u00adhida, Alatty\u00e1n \u00e9s J\u00e1szal\u00ads\u00f3\u00adszent\u00adgy\u00f6rgy telep\u00fcl\u00e9seken Pro\u00adjekt azo\u00adno\u00ads\u00ed\u00adt\u00f3\u00adsz\u00e1ma:\u00a0TOP-1.2.1\u201315-JN1-2016\u201300006 Projekt fizikai befejez\u00e9se: 2021.12.31. \u00d6sszeg:&hellip;<\/p>\n","protected":false},"author":1,"featured_media":0,"parent":28,"menu_order":0,"comment_status":"closed","ping_status":"closed","template":"","meta":{"footnotes":""},"class_list":["post-92","page","type-page","status-publish","hentry","entry","no-media"],"_links":{"self":[{"href":"https:\/\/palyazat.jaszalsoszentgyorgy.hu\/index.php?rest_route=\/wp\/v2\/pages\/92","targetHints":{"allow":["GET"]}}],"collection":[{"href":"https:\/\/palyazat.jaszalsoszentgyorgy.hu\/index.php?rest_route=\/wp\/v2\/pages"}],"about":[{"href":"https:\/\/palyazat.jaszalsoszentgyorgy.hu\/index.php?rest_route=\/wp\/v2\/types\/page"}],"author":[{"embeddable":true,"href":"https:\/\/palyazat.jaszalsoszentgyorgy.hu\/index.php?rest_route=\/wp\/v2\/users\/1"}],"replies":[{"embeddable":true,"href":"https:\/\/palyazat.jaszalsoszentgyorgy.hu\/index.php?rest_route=%2Fwp%2Fv2%2Fcomments&post=92"}],"version-history":[{"count":3,"href":"https:\/\/palyazat.jaszalsoszentgyorgy.hu\/index.php?rest_route=\/wp\/v2\/pages\/92\/revisions"}],"predecessor-version":[{"id":617,"href":"https:\/\/palyazat.jaszalsoszentgyorgy.hu\/index.php?rest_route=\/wp\/v2\/pages\/92\/revisions\/617"}],"up":[{"embeddable":true,"href":"https:\/\/palyazat.jaszalsoszentgyorgy.hu\/index.php?rest_route=\/wp\/v2\/pages\/28"}],"wp:attachment":[{"href":"https:\/\/palyazat.jaszalsoszentgyorgy.hu\/index.php?rest_route=%2Fwp%2Fv2%2Fmedia&parent=92"}],"curies":[{"name":"wp","href":"https:\/\/api.w.org\/{rel}","templated":true}]}}